 base 3, what is 101002221102 - -10?
101002221112
In base 16, what is efe - -29bc?
38ba
In base 15, what is -1 + 764aab?
764aaa
In base 15, what is -33639a + 127?
-336273
In base 4, what is 2 + 1200120120221?
1200120120223
In base 16, what is 3eb5 + 107?
3fbc
In base 14, what is 3 - 540711?
-54070c
In base 3, what is 1112112010011 - -2?
1112112010020
In base 14, what is 2 + 1851ad6?
1851ad8
In base 2, what is -1111101001001001110000 + -1100?
-1111101001001001111100
In base 8, what is 2242002 + 56?
2242060
In base 4, what is -322311002 + -31?
-322311033
In base 13, what is -316b17c2 + -1?
-316b17c3
In base 3, what is 1000000 + 122211102010?
122212102010
In base 7, what is -265 - -111213?
110615
In base 8, what is -3 - 55247114?
-55247117
In base 11, what is 840456 + -3?
840453
In base 9, what is -26 + 208221?
208184
In base 12, what is 30b7224 - -2?
30b7226
In base 6, what is -2002511524 - 111?
-2002512035
In base 12, what is -28b61533 + 1?
-28b61532
In base 4, what is 21131003031 + 0?
21131003031
In base 9, what is -13614 - 818?
-14533
In base 16, what is 1b + e9c81?
e9c9c
In base 4, what is 10133 - -1110210?
1121003
In base 7, what is 3112150 - -14?
3112164
In base 3, what is -10011201 - 2110102210?
-2120121111
In base 14, what is 4 + -146b1c4?
-146b1c0
In base 14, what is -2064 + 420?
-1a44
In base 4, what is -20 + 30330002011?
30330001331
In base 14, what is -1bc6 - 13aa?
-3192
In base 16, what is 295b + -1882?
10d9
In base 16, what is 2e + 41f0a0?
41f0ce
In base 12, what is -63336 + 30?
-63306
In base 3, what is 11110210212011 + -12222?
11110210122012
In base 9, what is -504 + -7664?
-8268
In base 11, what is -70325926 - 2?
-70325928
In base 10, what is -15577468 + -70?
-15577538
In base 6, what is -2131005 + 3?
-2131002
In base 4, what is -133221 + -1011221?
-1211102
In base 16, what is -1dde + -6d5c?
-8b3a
In base 3, what is -1022 - 200212000222?
-200212002021
In base 10, what is 1 + -9547939?
-9547938
In base 11, what is 42241 + -758?
41594
In base 15, what is 142 + 4d847?
4d989
In base 2, what is -100001100000 + 1111001000111010?
1110100111011010
In base 11, what is 3919 + 659?
4477
In base 8, what is -1 + 105651406?
105651405
In base 15, what is 2 + 181026?
181028
In base 11, what is -6 + -1310a705?
-1310a710
In base 13, what is 5 + 2560397?
256039c
In base 3, what is -1021 - 1101102121212112?
-1101102121220210
In base 3, what is -2012122012 - -11201?
-2012110111
In base 14, what is -1785 + 645?
-1140
In base 10, what is -365678444 + -2?
-365678446
In base 15, what is 8eecad - 8?
8eeca5
In base 14, what is 3 + -75cb28d?
-75cb28a
In base 12, what is 379 + -227?
152
In base 15, what is 932c - 18d?
918e
In base 3, what is 121121 + 11010110100?
11011001221
In base 4, what is -103020 + 102322311?
102213231
In base 6, what is 12 + -153402012?
-153402000
In base 4, what is -23 - -1103321320?
1103321231
In base 12, what is 17b1 + -141482?
-13b891
In base 11, what is 1 - 1157a25?
-1157a24
In base 6, what is -2 - -3051312350?
3051312344
In base 12, what is -7b5a84 + 9?
-7b5a77
In base 4, what is 3132331032010 + 20?
3132331032030
In base 12, what is a0410 + 148?
a0558
In base 7, what is -11 - 4354321400?
-4354321411
In base 13, what is 4 - -33c430a?
33c4311
In base 16, what is 312 - -92b4?
95c6
In base 15, what is -14 + -1c1118?
-1c112c
In base 10, what is -536780 + -11?
-536791
In base 13, what is -41 - 5458?
-5499
In base 12, what is -b13413 + 4?
-b1340b
In base 7, what is 31345 + 524?
32202
In base 5, what is 23423021 - -1412?
23424433
In base 14, what is 3436a + -2b?
3433d
In base 7, what is -45040164 - -154?
-45040010
In base 12, what is 78ab7a + 18?
78ab96
In base 10, what is -642 + 10980?
10338
In base 7, what is 532445 + -620?
531525
In base 5, what is -1331420440033 + 0?
-1331420440033
In base 12, what is 2b2b8a5 - 0?
2b2b8a5
In base 14, what is 22a5b - -136?
22b93
In base 6, what is 5340403 - 135?
5340224
In base 8, what is -16556134 + 3?
-16556131
In base 4, what is 2000313203 + -23?
2000313120
In base 2, what is -1101001 - -1110111001010111000?
1110111001001001111
In base 8, what is -2362 + 1614702?
1612320
In base 10, what is 157 - -1183747?
1183904
In base 9, what is -26410 + 70?
-26330
In base 11, what is 48 - -688361?
6883a9
In base 14, what is -53a4b8 + -10?
-53a4c8
In base 10, what is 99 - -78127?
78226
In base 14, what is 803a - 114?
7d26
In base 3, what is 11011212221110 + 121?
11011212222001
In base 14, what is 1 - -77786aa?
77786ab
In base 2, what is -1000010100011000010 - -100001?
-1000010100010100001
In base 8, what is 1540702 + -25?
1540655
In base 2, what is 1110100 + 11011000101?
11100111001
In base 12, what is 4 - 8470343?
-847033b
In base 14, what is -17c4a21 + -c?
-17c4a2d
In base 6, what is -24115 + -2325?
-30444
In base 4, what is 111332 - -121031?
233023
In base 10, what is 64 - -208004?
208068
In base 5, what is -32243233 - 441?
-32244224
In base 4, what is -223110 + 1020201?
131031
In base 14, what is -546cd0 + 3?
-546ccb
In base 14, what is 1566a - -164?
157d0
In base 12, what is 6 + 28427505?
2842750b
In base 15, what is a - 12c6858?
-12c684d
In base 9, what is 1 - 4547072?
-4547071
In base 13, what is 14 - -3b9711?
3b9725
In base 12, what is -195 + 13942b?
139256
In base 16, what is e - 1061d2?
-1061c4
In base 11, what is -5 + -36038a6a?
-36038a74
In base 12, what is 26066 - -183?
26229
In base 5, what is -211313 + -12441104?
-13202422
In base 8, what is 34 + 51563052?
51563106
In base 12, what is -1 + 205883?
205882
In base 9, what is -213 + -4214?
-4427
In base 9, what is 63 + 5475623?
5475686
In base 3, what is -2 - -122110211121020?
122110211121011
In base 7, what is -460416 + 664?
-456422
In base 13, what is -1240 + -8199?
-9409
In base 8, what is 617062334 - 4?
617062330
In base 2, what is -1011010 + -1111101111010100100110?
-1111101111010110000000
In base 5, what is -22030443 + 40?
-22030403
In base 8, what is 11564 + 150255?
162041
In base 3, what is 12 + -2010122000210?
-2010122000121
In base 5, what is 13142031103 + 12?
13142031120
In base 6, what is -1045201 + -1140?
-1050341
In base 10, what is 48383048 + 1?
48383049
In base 11, what is -5 - -23038319?
23038314
In base 12, what is 70072221 - -3?
70072224
In base 9, what is 71 - -266881?
267062
In base 7, what is 166501305 + -1?
166501304
In base 7, what is -1 - -211110630?
211110626
In base 8, what is 54461 - 15077?
37362
In base 2, what is -10001110001000 + -10100011010000?
-100110001011000
In base 14, what is -14907 - -57?
-14890
In base 13, what is -14c8c9c - 2?
-14c8ca1
In base 12, what is 0 + 6769a20?
6769a20
In base 14, what is 1490c4 - -19?
1490dd
In base 12, what is -3a25 + -2aba?
-6923
In base 5, what is 2040110 + 11234?
2101344
In base 15, what is -a8c4 + -170?
-aa44
In base 12, what is 4 - 19905b1?
-19905a9
In base 10, what is 17095 + 824?
17919
In base 14, what is 5 + -1dc9718?
-1dc9713
In base 12, what is 1 + -28841146?
-28841145
In base 12, what is -5 + -18ab859?
-18ab862
In base 2, what is -111001100 - 10111110000011?
-11000101001111
In base 12, what is -2200 + -1349?
-3549
In base 13, what is 28 - -a082?
a0aa
In base 10, what is 6068 - -1335?
7403
In base 16, what is b5d + -903e?
-84e1
In base 5, what is 1 - -31402400420?
31402400421
In base 12, what is -67 - 35bb?
-3666
In base 6, what is 2002032 + -215?
2001413
In base 4, what is 1020033000 + -102?
1020032232
In base 4, what is 1 + -311021333221?
-311021333220
In base 5, what is -22 + 34342110?
34342033
In base 5, what is -1422120 + -233131?
-2210301
In base 12, what is -3b - -1077b1?
107772
In base 9, what is -3811555 - -37?
-3811517
In base 12, what is -1416 - 58a?
-19a4
In base 2, what is -1 + 101100010010100010010?
101100010010100010001
In base 10, what is 2276 + -1151?
1125
In base 2, what is 101000 + -1011001101100000110?
-1011001101011011110
In base 4, what is -2 + 31233312?
31233310
In base 12, what is -10725 - 12a?
-10853
In base 15, what is 3920 + 2586e?
2928e
In base 2, what is -10110 + 1011100001011?
1011011110101
In base 12, what is 4 - -1715703?
1715707
In base 15, what is -96e9817 + -7?
-96e981e
In base 6, what is 445 - 1353434?
-1352545
In base 6, what is 44 + 205050325?
205050413
In base 14, what is -125216 + -300?
-125516
In base 15, what is 3 + 33a06?
33a